{"id":9,"date":"2020-04-07T15:50:07","date_gmt":"2020-04-07T15:50:07","guid":{"rendered":"https:\/\/luises.com\/?page_id=9"},"modified":"2023-07-01T19:30:17","modified_gmt":"2023-07-01T19:30:17","slug":"inicio","status":"publish","type":"page","link":"https:\/\/luises.com\/","title":{"rendered":"Luises Interiorismo"},"content":{"rendered":"\n<p>\u00a1Bienvenido a nuestra p\u00e1gina! <\/p>\n\n\n\n<p>\u00bfTe gustar\u00eda renovar tu hogar con un estilo \u00fanico y personalizado? \u00bfQuieres descubrir las \u00faltimas tendencias en decoraci\u00f3n, muebles y accesorios? \u00bfBuscas inspiraci\u00f3n para crear ambientes acogedores, funcionales y llenos de encanto?<\/p>\n\n\n\n<p>Entonces no te pierdas nuestra tienda de interiorismo, donde encontrar\u00e1s todo lo que necesitas para transformar tu casa en un espacio de ensue\u00f1o.<\/p>\n\n\n\n<p>En nuestra tienda de interiorismo, contamos con un equipo de profesionales que te asesorar\u00e1n y te ayudar\u00e1n a elegir las mejores opciones para tu proyecto. Te ofrecemos un servicio de dise\u00f1o a medida, para que puedas personalizar tu hogar seg\u00fan tus gustos y necesidades.<\/p>\n\n\n\n<p>No esperes m\u00e1s y ven a visitarnos. Te esperamos con los brazos abiertos y con muchas ganas de compartir contigo nuestra pasi\u00f3n por el interiorismo. Estamos seguros de que quedar\u00e1s encantado con nuestra tienda y con todo lo que tenemos para ofrecerte. \u00a1Te sorprender\u00e1s!<\/p>\n\n\n\n<p><\/p>\n","protected":false},"excerpt":{"rendered":"<p>\u00a1Bienvenido a nuestra p\u00e1gina! \u00bfTe gustar\u00eda renovar tu hogar con un estilo \u00fanico y personalizado? \u00bfQuieres descubrir las \u00faltimas tendencias en decoraci\u00f3n, muebles y accesorios? \u00bfBuscas inspiraci\u00f3n para crear ambientes acogedores, funcionales y llenos de encanto? Entonces no te pierdas nuestra tienda de interiorismo, donde encontrar\u00e1s todo lo que necesitas para transformar tu casa en &hellip; <\/p>\n<p class=\"link-more\"><a href=\"https:\/\/luises.com\/\" class=\"more-link\">Continuar leyendo<span class=\"screen-reader-text\"> \u00abLuises Interiorismo\u00bb<\/span><\/a><\/p>\n","protected":false},"author":1,"featured_media":0,"parent":0,"menu_order":0,"comment_status":"closed","ping_status":"closed","template":"","meta":{"footnotes":""},"class_list":["post-9","page","type-page","status-publish","hentry"],"yoast_head":"<!-- This site is optimized with the Yoast SEO plugin v27.3 - https:\/\/yoast.com\/product\/yoast-seo-wordpress\/ -->\n<title>Luises Interiorismo - Luises Interiorismo<\/title>\n<meta name=\"robots\" content=\"index, follow, max-snippet:-1, max-image-preview:large, max-video-preview:-1\" \/>\n<link rel=\"canonical\" href=\"https:\/\/luises.com\/\" \/>\n<meta property=\"og:locale\" content=\"es_ES\" \/>\n<meta property=\"og:type\" content=\"article\" \/>\n<meta property=\"og:title\" content=\"Luises Interiorismo - Luises Interiorismo\" \/>\n<meta property=\"og:description\" content=\"\u00a1Bienvenido a nuestra p\u00e1gina! \u00bfTe gustar\u00eda renovar tu hogar con un estilo \u00fanico y personalizado? \u00bfQuieres descubrir las \u00faltimas tendencias en decoraci\u00f3n, muebles y accesorios? \u00bfBuscas inspiraci\u00f3n para crear ambientes acogedores, funcionales y llenos de encanto? Entonces no te pierdas nuestra tienda de interiorismo, donde encontrar\u00e1s todo lo que necesitas para transformar tu casa en &hellip; Continuar leyendo &quot;Luises Interiorismo&quot;\" \/>\n<meta property=\"og:url\" content=\"https:\/\/luises.com\/\" \/>\n<meta property=\"og:site_name\" content=\"Luises Interiorismo\" \/>\n<meta property=\"article:modified_time\" content=\"2023-07-01T19:30:17+00:00\" \/>\n<meta name=\"twitter:card\" content=\"summary_large_image\" \/>\n<meta name=\"twitter:label1\" content=\"Tiempo de lectura\" \/>\n\t<meta name=\"twitter:data1\" content=\"1 minuto\" \/>\n<script type=\"application\/ld+json\" class=\"yoast-schema-graph\">{\"@context\":\"https:\\\/\\\/schema.org\",\"@graph\":[{\"@type\":\"WebPage\",\"@id\":\"https:\\\/\\\/luises.com\\\/\",\"url\":\"https:\\\/\\\/luises.com\\\/\",\"name\":\"Luises Interiorismo - Luises Interiorismo\",\"isPartOf\":{\"@id\":\"https:\\\/\\\/luises.com\\\/#website\"},\"datePublished\":\"2020-04-07T15:50:07+00:00\",\"dateModified\":\"2023-07-01T19:30:17+00:00\",\"breadcrumb\":{\"@id\":\"https:\\\/\\\/luises.com\\\/#breadcrumb\"},\"inLanguage\":\"es\",\"potentialAction\":[{\"@type\":\"ReadAction\",\"target\":[\"https:\\\/\\\/luises.com\\\/\"]}]},{\"@type\":\"BreadcrumbList\",\"@id\":\"https:\\\/\\\/luises.com\\\/#breadcrumb\",\"itemListElement\":[{\"@type\":\"ListItem\",\"position\":1,\"name\":\"Home\",\"item\":\"https:\\\/\\\/luises.com\\\/\"},{\"@type\":\"ListItem\",\"position\":2,\"name\":\"Luises Interiorismo\"}]},{\"@type\":\"WebSite\",\"@id\":\"https:\\\/\\\/luises.com\\\/#website\",\"url\":\"https:\\\/\\\/luises.com\\\/\",\"name\":\"Luises Interiorismo\",\"description\":\"Estudio de interiorismo en Oviedo\",\"potentialAction\":[{\"@type\":\"SearchAction\",\"target\":{\"@type\":\"EntryPoint\",\"urlTemplate\":\"https:\\\/\\\/luises.com\\\/?s={search_term_string}\"},\"query-input\":{\"@type\":\"PropertyValueSpecification\",\"valueRequired\":true,\"valueName\":\"search_term_string\"}}],\"inLanguage\":\"es\"}]}<\/script>\n<!-- \/ Yoast SEO plugin. -->","yoast_head_json":{"title":"Luises Interiorismo - Luises Interiorismo","robots":{"index":"index","follow":"follow","max-snippet":"max-snippet:-1","max-image-preview":"max-image-preview:large","max-video-preview":"max-video-preview:-1"},"canonical":"https:\/\/luises.com\/","og_locale":"es_ES","og_type":"article","og_title":"Luises Interiorismo - Luises Interiorismo","og_description":"\u00a1Bienvenido a nuestra p\u00e1gina! \u00bfTe gustar\u00eda renovar tu hogar con un estilo \u00fanico y personalizado? \u00bfQuieres descubrir las \u00faltimas tendencias en decoraci\u00f3n, muebles y accesorios? \u00bfBuscas inspiraci\u00f3n para crear ambientes acogedores, funcionales y llenos de encanto? Entonces no te pierdas nuestra tienda de interiorismo, donde encontrar\u00e1s todo lo que necesitas para transformar tu casa en &hellip; Continuar leyendo \"Luises Interiorismo\"","og_url":"https:\/\/luises.com\/","og_site_name":"Luises Interiorismo","article_modified_time":"2023-07-01T19:30:17+00:00","twitter_card":"summary_large_image","twitter_misc":{"Tiempo de lectura":"1 minuto"},"schema":{"@context":"https:\/\/schema.org","@graph":[{"@type":"WebPage","@id":"https:\/\/luises.com\/","url":"https:\/\/luises.com\/","name":"Luises Interiorismo - Luises Interiorismo","isPartOf":{"@id":"https:\/\/luises.com\/#website"},"datePublished":"2020-04-07T15:50:07+00:00","dateModified":"2023-07-01T19:30:17+00:00","breadcrumb":{"@id":"https:\/\/luises.com\/#breadcrumb"},"inLanguage":"es","potentialAction":[{"@type":"ReadAction","target":["https:\/\/luises.com\/"]}]},{"@type":"BreadcrumbList","@id":"https:\/\/luises.com\/#breadcrumb","itemListElement":[{"@type":"ListItem","position":1,"name":"Home","item":"https:\/\/luises.com\/"},{"@type":"ListItem","position":2,"name":"Luises Interiorismo"}]},{"@type":"WebSite","@id":"https:\/\/luises.com\/#website","url":"https:\/\/luises.com\/","name":"Luises Interiorismo","description":"Estudio de interiorismo en Oviedo","potentialAction":[{"@type":"SearchAction","target":{"@type":"EntryPoint","urlTemplate":"https:\/\/luises.com\/?s={search_term_string}"},"query-input":{"@type":"PropertyValueSpecification","valueRequired":true,"valueName":"search_term_string"}}],"inLanguage":"es"}]}},"jetpack_sharing_enabled":true,"_links":{"self":[{"href":"https:\/\/luises.com\/index.php\/wp-json\/wp\/v2\/pages\/9","targetHints":{"allow":["GET"]}}],"collection":[{"href":"https:\/\/luises.com\/index.php\/wp-json\/wp\/v2\/pages"}],"about":[{"href":"https:\/\/luises.com\/index.php\/wp-json\/wp\/v2\/types\/page"}],"author":[{"embeddable":true,"href":"https:\/\/luises.com\/index.php\/wp-json\/wp\/v2\/users\/1"}],"replies":[{"embeddable":true,"href":"https:\/\/luises.com\/index.php\/wp-json\/wp\/v2\/comments?post=9"}],"version-history":[{"count":3,"href":"https:\/\/luises.com\/index.php\/wp-json\/wp\/v2\/pages\/9\/revisions"}],"predecessor-version":[{"id":402,"href":"https:\/\/luises.com\/index.php\/wp-json\/wp\/v2\/pages\/9\/revisions\/402"}],"wp:attachment":[{"href":"https:\/\/luises.com\/index.php\/wp-json\/wp\/v2\/media?parent=9"}],"curies":[{"name":"wp","href":"https:\/\/api.w.org\/{rel}","templated":true}]}}