{"id":328,"date":"2021-03-08T18:52:55","date_gmt":"2021-03-08T18:52:55","guid":{"rendered":"https:\/\/luises.com\/?page_id=328"},"modified":"2024-10-10T09:03:16","modified_gmt":"2024-10-10T09:03:16","slug":"servicios-tecnicos-oficiales-de-electrodomesticos","status":"publish","type":"page","link":"https:\/\/luises.com\/index.php\/cocinas-y-comedores\/servicios-tecnicos-oficiales-de-electrodomesticos\/","title":{"rendered":"Servicios T\u00e9cnicos OFICIALES de electrodom\u00e9sticos en ASTURIAS"},"content":{"rendered":"\n<figure class=\"wp-block-table is-style-stripes\"><table class=\"has-fixed-layout\"><thead><tr><th>www.<strong>Fabricante<\/strong><\/th><th><strong>Web<\/strong><\/th><th class=\"has-text-align-center\" data-align=\"center\">Tel\u00e9fono<\/th><\/tr><\/thead><tbody><tr><th scope=\"row\">AEG<\/th><td><a href=\"http:\/\/www.aeg.com.es\/\" target=\"_blank\" rel=\"noreferrer noopener\">www.aeg.com.es<\/a><\/td><td class=\"has-text-align-center\" data-align=\"center\"><a href=\"tel:912665682\" target=\"_blank\" rel=\"noreferrer noopener\">912 665 682<\/a><\/td><\/tr><tr><th scope=\"row\">AMICA<\/th><td><a href=\"http:\/\/www.amica-group.es\/\" target=\"_blank\" rel=\"noreferrer noopener\">www.amica-group.es\/<\/a><\/td><td class=\"has-text-align-center\" data-align=\"center\"><a href=\"tel:902787457\" target=\"_blank\" rel=\"noreferrer noopener\">902 787 457<\/a><\/td><\/tr><tr><th scope=\"row\">ARIETE<\/th><td><a href=\"http:\/\/www.ariete.net\/es#\" target=\"_blank\" rel=\"noreferrer noopener\">www.ariete.net\/es#<\/a><\/td><td class=\"has-text-align-center\" data-align=\"center\"><a href=\"tel:920332015\" target=\"_blank\" rel=\"noreferrer noopener\">920 33 20 15<\/a><\/td><\/tr><tr><th scope=\"row\">BALAY<\/th><td><a href=\"http:\/\/www.balay.es\/\" target=\"_blank\" rel=\"noreferrer noopener\">www.balay.es<\/a><\/td><td class=\"has-text-align-center\" data-align=\"center\"><a href=\"tel:976305712\" target=\"_blank\" rel=\"noreferrer noopener\">976 305 712<\/a><\/td><\/tr><tr><th scope=\"row\">BOJ<\/th><td><\/td><td class=\"has-text-align-center\" data-align=\"center\"><a href=\"tel:943820071\" target=\"_blank\" rel=\"noreferrer noopener\">943 82 00 71<\/a><\/td><\/tr><tr><th scope=\"row\">BOSCH <\/th><td><a href=\"https:\/\/www.bosch-home.es\/servicio-oficial\/servicio-reparaciones\/solicitar-asistencia-tecnica-online\" target=\"_blank\" rel=\"noreferrer noopener\">www.bosch-home.es<\/a><\/td><td class=\"has-text-align-center\" data-align=\"center\"><a href=\"tel:976305713\" target=\"_blank\" rel=\"noreferrer noopener\">976 305 713<\/a><\/td><\/tr><tr><th scope=\"row\">BOSCH PAE<\/th><td><a href=\"http:\/\/www.bosch-home.es\/servicio-oficial.html\" target=\"_blank\" rel=\"noreferrer noopener\">www.bosch-home.es\/servicio-oficial.html<\/a><\/td><td class=\"has-text-align-center\" data-align=\"center\"><a href=\"tel:976305722\" target=\"_blank\" rel=\"noreferrer noopener\">976 305 722<\/a><\/td><\/tr><tr><th scope=\"row\">CATA<\/th><td><a href=\"http:\/\/www.cata.es\/\" target=\"_blank\" rel=\"noreferrer noopener\">www.cata.es<\/a><\/td><td class=\"has-text-align-center\" data-align=\"center\"><a href=\"tel:902410460\" target=\"_blank\" rel=\"noreferrer noopener\">902 410 460<\/a><\/td><\/tr><tr><th scope=\"row\">DAITSU<\/th><td><a href=\"http:\/\/www.daitsu.com\/\" target=\"_blank\" rel=\"noreferrer noopener\">www.daitsu.com\/<\/a><\/td><td class=\"has-text-align-center\" data-align=\"center\"><a href=\"tel:902332331\" target=\"_blank\" rel=\"noreferrer noopener\">902 332 331<\/a><\/td><\/tr><tr><th scope=\"row\">DE DIETRICH<\/th><td><a href=\"http:\/\/www.frigicoll.es\/\" target=\"_blank\" rel=\"noreferrer noopener\">www.frigicoll.es<\/a><\/td><td class=\"has-text-align-center\" data-align=\"center\"><a href=\"tel:914894535\" target=\"_blank\" rel=\"noreferrer noopener\">914 894 535<\/a><\/td><\/tr><tr><th scope=\"row\">EDESA<\/th><td><a href=\"http:\/\/www.edesa.com\/\" target=\"_blank\" rel=\"noreferrer noopener\">www.edesa.com<\/a><\/td><td class=\"has-text-align-center\" data-align=\"center\"><a href=\"http:\/\/info@edesa.com\/\" target=\"_blank\" rel=\"noreferrer noopener\">902 305 <\/a><a href=\"tel:902305000\" target=\"_blank\" rel=\"noreferrer noopener\">000<\/a><br><a href=\"tel:938521830\" target=\"_blank\" rel=\"noreferrer noopener\">938 521 830<\/a><\/td><\/tr><tr><th scope=\"row\">EDESA Confort<\/th><td><a href=\"http:\/\/www.edesaconfort.com\/\" target=\"_blank\" rel=\"noreferrer noopener\">www.edesaconfort.com<\/a><\/td><td class=\"has-text-align-center\" data-align=\"center\"><a href=\"tel:902996070\" target=\"_blank\" rel=\"noreferrer noopener\">902 996 070<\/a><\/td><\/tr><tr><th scope=\"row\">ELECTROLUX ER<\/th><td><a href=\"http:\/\/www.electrolux.es\/\" target=\"_blank\" rel=\"noreferrer noopener\">www.electrolux.es<\/a><\/td><td class=\"has-text-align-center\" data-align=\"center\"><a href=\"tel:912665682\" target=\"_blank\" rel=\"noreferrer noopener\">912 665 682<\/a><\/td><\/tr><tr><th scope=\"row\">FAGOR<\/th><td><a href=\"http:\/\/www.fagorelectrodomestico.com\/\" target=\"_blank\" rel=\"noreferrer noopener\">https:\/\/fagorelectrodomestico.com\/<\/a><\/td><td class=\"has-text-align-center\" data-align=\"center\"><a href=\"tel:944041404\" target=\"_blank\" rel=\"noreferrer noopener\">944 041 404<\/a><\/td><\/tr><tr><th scope=\"row\">FALMEC<\/th><td><a href=\"http:\/\/www.falmec.es\/\" target=\"_blank\" rel=\"noreferrer noopener\">www.falmec.es\/<\/a><\/td><td class=\"has-text-align-center\" data-align=\"center\"><a href=\"tel:914894535\" target=\"_blank\" rel=\"noreferrer noopener\">914 894 535<\/a><\/td><\/tr><tr><th scope=\"row\">FM<\/th><td><a href=\"http:\/\/www.fmcalefaccion.com\/\" target=\"_blank\" rel=\"noreferrer noopener\">www.fmcalefaccion.com<\/a><\/td><td class=\"has-text-align-center\" data-align=\"center\"><\/td><\/tr><tr><th scope=\"row\">FUJITSU<\/th><td><a href=\"http:\/\/www.disfrutaelfujitsu.com\/\" target=\"_blank\" rel=\"noreferrer noopener\">www.disfrutaelfujitsu.com<\/a><\/td><td class=\"has-text-align-center\" data-align=\"center\"><a href=\"tel:932998331\" target=\"_blank\" rel=\"noreferrer noopener\">932 998 331<\/a><\/td><\/tr><tr><td><strong>GUTMANN<\/strong><\/td><td><a href=\"http:\/\/www.satallonca.es\">www.satallonca.es<\/a><\/td><td class=\"has-text-align-center\" data-align=\"center\"><a href=\"tel:985291467\" target=\"_blank\" rel=\"noreferrer noopener\">985 291 467<\/a><br><a href=\"tel:653993366\" target=\"_blank\" rel=\"noreferrer noopener\">653993366<\/a><\/td><\/tr><tr><th scope=\"row\">IO MABE<\/th><td><a href=\"http:\/\/www.iomabe.eu\/es\" target=\"_blank\" rel=\"noreferrer noopener\">www.iomabe.eu\/es<\/a><\/td><td class=\"has-text-align-center\" data-align=\"center\"><a href=\"tel:693379013\" target=\"_blank\" rel=\"noreferrer noopener\">693 379 013<\/a><\/td><\/tr><tr><th scope=\"row\">LG Electronica<\/th><td><a href=\"http:\/\/www.lg.com\/es\" target=\"_blank\" rel=\"noreferrer noopener\">www.lg.com\/es<\/a><\/td><td class=\"has-text-align-center\" data-align=\"center\"><a href=\"tel:963050500\" target=\"_blank\" rel=\"noreferrer noopener\">963 050 500<\/a><\/td><\/tr><tr><th scope=\"row\">LG Gama Blanca<\/th><td><a href=\"http:\/\/https\/\/www.lg.com\/es\/electrodomesticos\" target=\"_blank\" rel=\"noreferrer noopener\">https:\/\/www.lg.com\/es\/electrodomesticos<\/a><\/td><td class=\"has-text-align-center\" data-align=\"center\"><a href=\"tel:963050500\" target=\"_blank\" rel=\"noreferrer noopener\">963 050 500<\/a><\/td><\/tr><tr><th scope=\"row\">LIEBHERR<\/th><td><a href=\"http:\/\/www.liebherr.com\/\" target=\"_blank\" rel=\"noreferrer noopener\">www.liebherr.com<\/a><\/td><td class=\"has-text-align-center\" data-align=\"center\"><a href=\"tel:914894535\" target=\"_blank\" rel=\"noreferrer noopener\">914 894 535<\/a><\/td><\/tr><tr><th scope=\"row\">MEPAMSA<\/th><td><a href=\"http:\/\/www.mepamsa.es\/\" target=\"_blank\" rel=\"noreferrer noopener\">www.mepamsa.es<\/a><\/td><td class=\"has-text-align-center\" data-align=\"center\"><a href=\"tel:902101099\" target=\"_blank\" rel=\"noreferrer noopener\">902 101 099<\/a><\/td><\/tr><tr><th scope=\"row\">MIDEA <\/th><td><a href=\"http:\/\/https\/\/www.midea.es\/\" target=\"_blank\" rel=\"noreferrer noopener\">https:\/\/www.midea.es\/<\/a><\/td><td class=\"has-text-align-center\" data-align=\"center\"><a href=\"tel:914894535\" target=\"_blank\" rel=\"noreferrer noopener\">914 894 535<\/a><\/td><\/tr><tr><td><strong><span class=\"has-inline-color has-vivid-red-color\">MIELE<\/span><\/strong><\/td><td><a href=\"https:\/\/www.miele.es\/e\/service-repair-product-so\"><mark style=\"background-color:rgba(0, 0, 0, 0)\" class=\"has-inline-color has-vivid-red-color\">Miele&nbsp;Cita de servicio<\/mark><\/a><\/td><td class=\"has-text-align-center\" data-align=\"center\"><a href=\"tel:+34916232000\"><mark style=\"background-color:rgba(0, 0, 0, 0)\" class=\"has-inline-color has-vivid-red-color\">91 623 20 00<\/mark><\/a><\/td><\/tr><tr><th scope=\"row\">MOULINEX<\/th><td><a href=\"https:\/\/www.moulinex.es\/servicio-al-consumidor\/servicios-tecnicos\" target=\"_blank\" rel=\"noreferrer noopener\">www.moulinex.es<\/a><\/td><td class=\"has-text-align-center\" data-align=\"center\"><\/td><\/tr><tr><th scope=\"row\">NODOR<\/th><td><a href=\"http:\/\/www.nodor.es\/\" target=\"_blank\" rel=\"noreferrer noopener\">www.nodor.es<\/a><\/td><td class=\"has-text-align-center\" data-align=\"center\"><a href=\"tel:938521818\" target=\"_blank\" rel=\"noreferrer noopener\">938 521 818<\/a><\/td><\/tr><tr><td><strong>NOVY<\/strong><\/td><td><a href=\"https:\/\/www.novy.com\/es-es\/servicio\/contacto\/servicio-post-venta\/\">Servicio Post venta<\/a><\/td><td class=\"has-text-align-center\" data-align=\"center\"><a href=\"tel:985291467\" target=\"_blank\" rel=\"noreferrer noopener\">985 291 467<\/a><br><a href=\"tel:653993366\" target=\"_blank\" rel=\"noreferrer noopener\">653993366<\/a><\/td><\/tr><tr><th scope=\"row\">PHILIPS ELECTRONICA<\/th><td><a href=\"http:\/\/www.philips.es\/support\" target=\"_blank\" rel=\"noreferrer noopener\">www.philips.es\/support<\/a><\/td><td class=\"has-text-align-center\" data-align=\"center\"><a href=\"tel:913496582\" target=\"_blank\" rel=\"noreferrer noopener\">913 496 582<\/a><\/td><\/tr><tr><th scope=\"row\">PHILIPS PAE<\/th><td><a href=\"http:\/\/www.philips.es\/\" target=\"_blank\" rel=\"noreferrer noopener\">www.philips.es\/<\/a><\/td><td class=\"has-text-align-center\" data-align=\"center\"><\/td><\/tr><tr><th scope=\"row\">POALGI<\/th><td><a href=\"http:\/\/poalgi.es\/menu\" target=\"_blank\" rel=\"noreferrer noopener\">poalgi.es\/menu<\/a><\/td><td class=\"has-text-align-center\" data-align=\"center\"><\/td><\/tr><tr><th scope=\"row\">ROCA<\/th><td><a href=\"http:\/\/www.roca.es\/\" target=\"_blank\" rel=\"noreferrer noopener\">www.roca.es\/<\/a><\/td><td class=\"has-text-align-center\" data-align=\"center\"><\/td><\/tr><tr><th scope=\"row\">ROWENTA<\/th><td><a href=\"http:\/\/www.rowenta.es\/\" target=\"_blank\" rel=\"noreferrer noopener\">www.rowenta.es<\/a><\/td><td class=\"has-text-align-center\" data-align=\"center\"><\/td><\/tr><tr><th scope=\"row\">SAMSUNG ELECTRONICA<\/th><td><a href=\"https:\/\/www.samsung.com\/es\/support\/service-centre\/\" target=\"_blank\" rel=\"noreferrer noopener\">www.samsung.com<\/a><\/td><td class=\"has-text-align-center\" data-align=\"center\"><a href=\"tel:+34911750015\">91 175 00 15<\/a><\/td><\/tr><tr><th scope=\"row\">SIEMENS<br>SIEMENS PAE<\/th><td><a href=\"http:\/\/www.siemens-home.es\/\" target=\"_blank\" rel=\"noreferrer noopener\">www.siemens-home.es<\/a><br><\/td><td class=\"has-text-align-center\" data-align=\"center\"><a href=\"tel:+34976305714\" target=\"_blank\" rel=\"noreferrer noopener\">976 305 714<\/a><br><a href=\"tel:+34976305722\">976 305 722<\/a><\/td><\/tr><tr><th scope=\"row\">SMEG<\/th><td><a href=\"http:\/\/www.smeg.es\/\" target=\"_blank\" rel=\"noreferrer noopener\">www.smeg.es\/<\/a><\/td><td class=\"has-text-align-center\" data-align=\"center\"><a href=\"tel:+34935752361\" target=\"_blank\" rel=\"noreferrer noopener\">935 752 361<\/a><\/td><\/tr><tr><th scope=\"row\">SOLAC<\/th><td><a href=\"http:\/\/www.solac.com\/\" target=\"_blank\" rel=\"noreferrer noopener\">www.solac.com<\/a><\/td><td class=\"has-text-align-center\" data-align=\"center\"><\/td><\/tr><tr><th scope=\"row\">SOLGAZ<\/th><td><a href=\"http:\/\/www.solgaz.eu\/es\" target=\"_blank\" rel=\"noreferrer noopener\">www.solgaz.eu\/es<\/a><\/td><td class=\"has-text-align-center\" data-align=\"center\"><a href=\"tel:+34902099579\">902099579<\/a><\/td><\/tr><tr><th scope=\"row\">TAURUS<\/th><td><a href=\"https:\/\/taurus-home.com\/servicio-tecnico\/#Servicio-tecnico-ancla\" target=\"_blank\" rel=\"noreferrer noopener\"><\/a><a href=\"https:\/\/taurus-home.com\/servicio-tecnico\/#Servicio-tecnico-ancla\">Servicio t\u00e9cnico Taurus<\/a><\/td><td class=\"has-text-align-center\" data-align=\"center\"><a href=\"tel:+34902118050\" target=\"_blank\" rel=\"noreferrer noopener\">902 118 050<\/a><\/td><\/tr><tr><th scope=\"row\">TEFAL<\/th><td><a href=\"http:\/\/www.tefal.es\/\" target=\"_blank\" rel=\"noreferrer noopener\"><\/a><a href=\"https:\/\/www.tefal.es\/servicio-al-consumidor\/servicios-tecnicos\">Servicios T\u00e9cnicos oficiales <\/a><\/td><td class=\"has-text-align-center\" data-align=\"center\"><a href=\"tel:+34933063765\" target=\"_blank\" rel=\"noreferrer noopener\">933 063 765<\/a><\/td><\/tr><tr><th scope=\"row\">TEKA<\/th><td><a href=\"https:\/\/www.teka.com\/es-es\/soporte\/solicitar-reparacion\/\">Solicita Reparaci\u00f3n al Servicio t\u00e9cnico Oficial Teka <\/a><\/td><td class=\"has-text-align-center\" data-align=\"center\"><a href=\"tel:+34918204800\" target=\"_blank\" rel=\"noreferrer noopener\">918204800<\/a><\/td><\/tr><tr><th scope=\"row\">WHIRLPOOL<\/th><td><a href=\"http:\/\/www.whirlpool.es\/\" target=\"_blank\" rel=\"noreferrer noopener\">www.whirlpool.es\/<\/a><\/td><td class=\"has-text-align-center\" data-align=\"center\"><a href=\"tel:932382355\" target=\"_blank\" rel=\"noreferrer noopener\">932 382 355<\/a><\/td><\/tr><tr><th scope=\"row\">WMF<\/th><td><a href=\"http:\/\/https\/\/www.wmf.com\/es\/\" target=\"_blank\" rel=\"noreferrer noopener\">https:\/\/www.wmf.com\/es\/<\/a><\/td><td class=\"has-text-align-center\" data-align=\"center\"><a href=\"tel:933063721\" target=\"_blank\" rel=\"noreferrer noopener\">93 306 37 21<\/a><\/td><\/tr><tr><th scope=\"row\">ZANUSSI<\/th><td><a href=\"https:\/\/www.zanussi.es\/support\/service-centre-locator\/\" target=\"_blank\" rel=\"noreferrer noopener\"><\/a><a href=\"https:\/\/www.zanussi.es\/support\/service-centre-locator\/\">Servicios t\u00e9cnicos Zanussi<\/a><\/td><td class=\"has-text-align-center\" data-align=\"center\"><a href=\"tel:912665682\" target=\"_blank\" rel=\"noreferrer noopener\">912 665 682<\/a><\/td><\/tr><\/tbody><\/table><figcaption class=\"wp-element-caption\">Si alg\u00fan enlace es incorrecto av\u00edsanos a <a href=\"mailto:correo@luises.com\">correo@luises.com<\/a><br>Si nos lo ha comprado a LUISES y no lo encuentra, ll\u00e1menos al <a href=\"tel:985215813\">985215813<\/a><\/figcaption><\/figure>\n\n\n\n<p><\/p>\n","protected":false},"excerpt":{"rendered":"<p>www.Fabricante Web Tel\u00e9fono AEG www.aeg.com.es 912 665 682 AMICA www.amica-group.es\/ 902 787 457 ARIETE www.ariete.net\/es# 920 33 20 15 BALAY www.balay.es 976 305 712 BOJ 943 82 00 71 BOSCH www.bosch-home.es 976 305 713 BOSCH PAE www.bosch-home.es\/servicio-oficial.html 976 305 722 CATA www.cata.es 902 410 460 DAITSU www.daitsu.com\/ 902 332 331 DE DIETRICH www.frigicoll.es 914 894 &hellip; <\/p>\n<p class=\"link-more\"><a href=\"https:\/\/luises.com\/index.php\/cocinas-y-comedores\/servicios-tecnicos-oficiales-de-electrodomesticos\/\" class=\"more-link\">Continuar leyendo<span class=\"screen-reader-text\"> \u00abServicios T\u00e9cnicos OFICIALES de electrodom\u00e9sticos en ASTURIAS\u00bb<\/span><\/a><\/p>\n","protected":false},"author":1,"featured_media":0,"parent":91,"menu_order":0,"comment_status":"closed","ping_status":"closed","template":"","meta":{"footnotes":""},"class_list":["post-328","page","type-page","status-publish","hentry"],"yoast_head":"<!-- This site is optimized with the Yoast SEO plugin v27.3 - https:\/\/yoast.com\/product\/yoast-seo-wordpress\/ -->\n<title>Servicios T\u00e9cnicos OFICIALES de electrodom\u00e9sticos en ASTURIAS - Luises Interiorismo<\/title>\n<meta name=\"robots\" content=\"index, follow, max-snippet:-1, max-image-preview:large, max-video-preview:-1\" \/>\n<link rel=\"canonical\" href=\"https:\/\/luises.com\/index.php\/cocinas-y-comedores\/servicios-tecnicos-oficiales-de-electrodomesticos\/\" \/>\n<meta property=\"og:locale\" content=\"es_ES\" \/>\n<meta property=\"og:type\" content=\"article\" \/>\n<meta property=\"og:title\" content=\"Servicios T\u00e9cnicos OFICIALES de electrodom\u00e9sticos en ASTURIAS - Luises Interiorismo\" \/>\n<meta property=\"og:description\" content=\"www.Fabricante Web Tel\u00e9fono AEG www.aeg.com.es 912 665 682 AMICA www.amica-group.es\/ 902 787 457 ARIETE www.ariete.net\/es# 920 33 20 15 BALAY www.balay.es 976 305 712 BOJ 943 82 00 71 BOSCH www.bosch-home.es 976 305 713 BOSCH PAE www.bosch-home.es\/servicio-oficial.html 976 305 722 CATA www.cata.es 902 410 460 DAITSU www.daitsu.com\/ 902 332 331 DE DIETRICH www.frigicoll.es 914 894 &hellip; Continuar leyendo &quot;Servicios T\u00e9cnicos OFICIALES de electrodom\u00e9sticos en ASTURIAS&quot;\" \/>\n<meta property=\"og:url\" content=\"https:\/\/luises.com\/index.php\/cocinas-y-comedores\/servicios-tecnicos-oficiales-de-electrodomesticos\/\" \/>\n<meta property=\"og:site_name\" content=\"Luises Interiorismo\" \/>\n<meta property=\"article:modified_time\" content=\"2024-10-10T09:03:16+00:00\" \/>\n<meta name=\"twitter:card\" content=\"summary_large_image\" \/>\n<meta name=\"twitter:label1\" content=\"Tiempo de lectura\" \/>\n\t<meta name=\"twitter:data1\" content=\"2 minutos\" \/>\n<script type=\"application\/ld+json\" class=\"yoast-schema-graph\">{\"@context\":\"https:\\\/\\\/schema.org\",\"@graph\":[{\"@type\":\"WebPage\",\"@id\":\"https:\\\/\\\/luises.com\\\/index.php\\\/cocinas-y-comedores\\\/servicios-tecnicos-oficiales-de-electrodomesticos\\\/\",\"url\":\"https:\\\/\\\/luises.com\\\/index.php\\\/cocinas-y-comedores\\\/servicios-tecnicos-oficiales-de-electrodomesticos\\\/\",\"name\":\"Servicios T\u00e9cnicos OFICIALES de electrodom\u00e9sticos en ASTURIAS - Luises Interiorismo\",\"isPartOf\":{\"@id\":\"https:\\\/\\\/luises.com\\\/#website\"},\"datePublished\":\"2021-03-08T18:52:55+00:00\",\"dateModified\":\"2024-10-10T09:03:16+00:00\",\"breadcrumb\":{\"@id\":\"https:\\\/\\\/luises.com\\\/index.php\\\/cocinas-y-comedores\\\/servicios-tecnicos-oficiales-de-electrodomesticos\\\/#breadcrumb\"},\"inLanguage\":\"es\",\"potentialAction\":[{\"@type\":\"ReadAction\",\"target\":[\"https:\\\/\\\/luises.com\\\/index.php\\\/cocinas-y-comedores\\\/servicios-tecnicos-oficiales-de-electrodomesticos\\\/\"]}]},{\"@type\":\"BreadcrumbList\",\"@id\":\"https:\\\/\\\/luises.com\\\/index.php\\\/cocinas-y-comedores\\\/servicios-tecnicos-oficiales-de-electrodomesticos\\\/#breadcrumb\",\"itemListElement\":[{\"@type\":\"ListItem\",\"position\":1,\"name\":\"Home\",\"item\":\"https:\\\/\\\/luises.com\\\/\"},{\"@type\":\"ListItem\",\"position\":2,\"name\":\"Cocinas y comedores\",\"item\":\"https:\\\/\\\/luises.com\\\/index.php\\\/cocinas-y-comedores\\\/\"},{\"@type\":\"ListItem\",\"position\":3,\"name\":\"Servicios T\u00e9cnicos OFICIALES de electrodom\u00e9sticos en ASTURIAS\"}]},{\"@type\":\"WebSite\",\"@id\":\"https:\\\/\\\/luises.com\\\/#website\",\"url\":\"https:\\\/\\\/luises.com\\\/\",\"name\":\"Luises Interiorismo\",\"description\":\"Estudio de interiorismo en Oviedo\",\"potentialAction\":[{\"@type\":\"SearchAction\",\"target\":{\"@type\":\"EntryPoint\",\"urlTemplate\":\"https:\\\/\\\/luises.com\\\/?s={search_term_string}\"},\"query-input\":{\"@type\":\"PropertyValueSpecification\",\"valueRequired\":true,\"valueName\":\"search_term_string\"}}],\"inLanguage\":\"es\"}]}<\/script>\n<!-- \/ Yoast SEO plugin. -->","yoast_head_json":{"title":"Servicios T\u00e9cnicos OFICIALES de electrodom\u00e9sticos en ASTURIAS - Luises Interiorismo","robots":{"index":"index","follow":"follow","max-snippet":"max-snippet:-1","max-image-preview":"max-image-preview:large","max-video-preview":"max-video-preview:-1"},"canonical":"https:\/\/luises.com\/index.php\/cocinas-y-comedores\/servicios-tecnicos-oficiales-de-electrodomesticos\/","og_locale":"es_ES","og_type":"article","og_title":"Servicios T\u00e9cnicos OFICIALES de electrodom\u00e9sticos en ASTURIAS - Luises Interiorismo","og_description":"www.Fabricante Web Tel\u00e9fono AEG www.aeg.com.es 912 665 682 AMICA www.amica-group.es\/ 902 787 457 ARIETE www.ariete.net\/es# 920 33 20 15 BALAY www.balay.es 976 305 712 BOJ 943 82 00 71 BOSCH www.bosch-home.es 976 305 713 BOSCH PAE www.bosch-home.es\/servicio-oficial.html 976 305 722 CATA www.cata.es 902 410 460 DAITSU www.daitsu.com\/ 902 332 331 DE DIETRICH www.frigicoll.es 914 894 &hellip; Continuar leyendo \"Servicios T\u00e9cnicos OFICIALES de electrodom\u00e9sticos en ASTURIAS\"","og_url":"https:\/\/luises.com\/index.php\/cocinas-y-comedores\/servicios-tecnicos-oficiales-de-electrodomesticos\/","og_site_name":"Luises Interiorismo","article_modified_time":"2024-10-10T09:03:16+00:00","twitter_card":"summary_large_image","twitter_misc":{"Tiempo de lectura":"2 minutos"},"schema":{"@context":"https:\/\/schema.org","@graph":[{"@type":"WebPage","@id":"https:\/\/luises.com\/index.php\/cocinas-y-comedores\/servicios-tecnicos-oficiales-de-electrodomesticos\/","url":"https:\/\/luises.com\/index.php\/cocinas-y-comedores\/servicios-tecnicos-oficiales-de-electrodomesticos\/","name":"Servicios T\u00e9cnicos OFICIALES de electrodom\u00e9sticos en ASTURIAS - Luises Interiorismo","isPartOf":{"@id":"https:\/\/luises.com\/#website"},"datePublished":"2021-03-08T18:52:55+00:00","dateModified":"2024-10-10T09:03:16+00:00","breadcrumb":{"@id":"https:\/\/luises.com\/index.php\/cocinas-y-comedores\/servicios-tecnicos-oficiales-de-electrodomesticos\/#breadcrumb"},"inLanguage":"es","potentialAction":[{"@type":"ReadAction","target":["https:\/\/luises.com\/index.php\/cocinas-y-comedores\/servicios-tecnicos-oficiales-de-electrodomesticos\/"]}]},{"@type":"BreadcrumbList","@id":"https:\/\/luises.com\/index.php\/cocinas-y-comedores\/servicios-tecnicos-oficiales-de-electrodomesticos\/#breadcrumb","itemListElement":[{"@type":"ListItem","position":1,"name":"Home","item":"https:\/\/luises.com\/"},{"@type":"ListItem","position":2,"name":"Cocinas y comedores","item":"https:\/\/luises.com\/index.php\/cocinas-y-comedores\/"},{"@type":"ListItem","position":3,"name":"Servicios T\u00e9cnicos OFICIALES de electrodom\u00e9sticos en ASTURIAS"}]},{"@type":"WebSite","@id":"https:\/\/luises.com\/#website","url":"https:\/\/luises.com\/","name":"Luises Interiorismo","description":"Estudio de interiorismo en Oviedo","potentialAction":[{"@type":"SearchAction","target":{"@type":"EntryPoint","urlTemplate":"https:\/\/luises.com\/?s={search_term_string}"},"query-input":{"@type":"PropertyValueSpecification","valueRequired":true,"valueName":"search_term_string"}}],"inLanguage":"es"}]}},"jetpack_sharing_enabled":true,"_links":{"self":[{"href":"https:\/\/luises.com\/index.php\/wp-json\/wp\/v2\/pages\/328","targetHints":{"allow":["GET"]}}],"collection":[{"href":"https:\/\/luises.com\/index.php\/wp-json\/wp\/v2\/pages"}],"about":[{"href":"https:\/\/luises.com\/index.php\/wp-json\/wp\/v2\/types\/page"}],"author":[{"embeddable":true,"href":"https:\/\/luises.com\/index.php\/wp-json\/wp\/v2\/users\/1"}],"replies":[{"embeddable":true,"href":"https:\/\/luises.com\/index.php\/wp-json\/wp\/v2\/comments?post=328"}],"version-history":[{"count":16,"href":"https:\/\/luises.com\/index.php\/wp-json\/wp\/v2\/pages\/328\/revisions"}],"predecessor-version":[{"id":434,"href":"https:\/\/luises.com\/index.php\/wp-json\/wp\/v2\/pages\/328\/revisions\/434"}],"up":[{"embeddable":true,"href":"https:\/\/luises.com\/index.php\/wp-json\/wp\/v2\/pages\/91"}],"wp:attachment":[{"href":"https:\/\/luises.com\/index.php\/wp-json\/wp\/v2\/media?parent=328"}],"curies":[{"name":"wp","href":"https:\/\/api.w.org\/{rel}","templated":true}]}}