{"id":198,"date":"2020-04-26T12:20:01","date_gmt":"2020-04-26T12:20:01","guid":{"rendered":"https:\/\/luises.com\/?page_id=198"},"modified":"2020-04-26T12:20:02","modified_gmt":"2020-04-26T12:20:02","slug":"presupuesto-informativo-de-muebles-de-cocina","status":"publish","type":"page","link":"https:\/\/luises.com\/index.php\/cocinas-y-comedores\/presupuesto-informativo-de-muebles-de-cocina\/","title":{"rendered":"Presupuesto INFORMATIVO de muebles de cocina"},"content":{"rendered":"\n<div class=\"wp-block-image\"><figure class=\"aligncenter size-large is-resized\"><img data-recalc-dims=\"1\" loading=\"lazy\" decoding=\"async\" src=\"https:\/\/i0.wp.com\/luises.com\/wp-content\/uploads\/2020\/04\/General.jpg?resize=317%2C218&#038;ssl=1\" alt=\"\" class=\"wp-image-200\" width=\"317\" height=\"218\" srcset=\"https:\/\/i0.wp.com\/luises.com\/wp-content\/uploads\/2020\/04\/General.jpg?resize=1024%2C704&amp;ssl=1 1024w, https:\/\/i0.wp.com\/luises.com\/wp-content\/uploads\/2020\/04\/General.jpg?resize=300%2C206&amp;ssl=1 300w, https:\/\/i0.wp.com\/luises.com\/wp-content\/uploads\/2020\/04\/General.jpg?resize=768%2C528&amp;ssl=1 768w, https:\/\/i0.wp.com\/luises.com\/wp-content\/uploads\/2020\/04\/General.jpg?w=1121&amp;ssl=1 1121w\" sizes=\"auto, (max-width: 317px) 100vw, 317px\" \/><\/figure><\/div>\n\n\n\n<p>Si desea una valoraci\u00f3n de su nueva de cocina pruebe nuestro servicio de valoraci\u00f3n por correo electr\u00f3nico. En \u00e9l se le solicitar\u00e1n los datos necesarios para realizar un presupuesto aproximado de los muebles, encimera y electrodom\u00e9sticos que desee renovar.<\/p>\n\n\n\n<div class=\"wp-block-image\"><figure class=\"aligncenter size-large is-resized\"><img data-recalc-dims=\"1\" loading=\"lazy\" decoding=\"async\" src=\"https:\/\/i0.wp.com\/luises.com\/wp-content\/uploads\/2020\/04\/como-hacer-un-presupuesto-usando-una-media-movil.png?resize=323%2C207&#038;ssl=1\" alt=\"\" class=\"wp-image-201\" width=\"323\" height=\"207\" srcset=\"https:\/\/i0.wp.com\/luises.com\/wp-content\/uploads\/2020\/04\/como-hacer-un-presupuesto-usando-una-media-movil.png?w=660&amp;ssl=1 660w, https:\/\/i0.wp.com\/luises.com\/wp-content\/uploads\/2020\/04\/como-hacer-un-presupuesto-usando-una-media-movil.png?resize=300%2C192&amp;ssl=1 300w\" sizes=\"auto, (max-width: 323px) 100vw, 323px\" \/><\/figure><\/div>\n\n\n\n<p class=\"has-text-color has-text-align-center has-medium-font-size has-vivid-cyan-blue-color\"><a href=\"https:\/\/docs.google.com\/forms\/d\/e\/1FAIpQLSew1woLhrkXcdngzvDcCy7FApm7N4uZyxz1mVZ-sIZ70bRYBg\/viewform\" target=\"_blank\" rel=\"noreferrer noopener\">ENLACE PARA EMPEZAR LA ENCUESTA<\/a><\/p>\n","protected":false},"excerpt":{"rendered":"<p>Si desea una valoraci\u00f3n de su nueva de cocina pruebe nuestro servicio de valoraci\u00f3n por correo electr\u00f3nico. En \u00e9l se le solicitar\u00e1n los datos necesarios para realizar un presupuesto aproximado de los muebles, encimera y electrodom\u00e9sticos que desee renovar. ENLACE PARA EMPEZAR LA ENCUESTA<\/p>\n","protected":false},"author":1,"featured_media":200,"parent":91,"menu_order":0,"comment_status":"closed","ping_status":"closed","template":"","meta":{"footnotes":""},"class_list":["post-198","page","type-page","status-publish","has-post-thumbnail","hentry"],"yoast_head":"<!-- This site is optimized with the Yoast SEO plugin v27.3 - https:\/\/yoast.com\/product\/yoast-seo-wordpress\/ -->\n<title>Presupuesto INFORMATIVO de muebles de cocina - Luises Interiorismo<\/title>\n<meta name=\"robots\" content=\"index, follow, max-snippet:-1, max-image-preview:large, max-video-preview:-1\" \/>\n<link rel=\"canonical\" href=\"https:\/\/luises.com\/index.php\/cocinas-y-comedores\/presupuesto-informativo-de-muebles-de-cocina\/\" \/>\n<meta property=\"og:locale\" content=\"es_ES\" \/>\n<meta property=\"og:type\" content=\"article\" \/>\n<meta property=\"og:title\" content=\"Presupuesto INFORMATIVO de muebles de cocina - Luises Interiorismo\" \/>\n<meta property=\"og:description\" content=\"Si desea una valoraci\u00f3n de su nueva de cocina pruebe nuestro servicio de valoraci\u00f3n por correo electr\u00f3nico. En \u00e9l se le solicitar\u00e1n los datos necesarios para realizar un presupuesto aproximado de los muebles, encimera y electrodom\u00e9sticos que desee renovar. ENLACE PARA EMPEZAR LA ENCUESTA\" \/>\n<meta property=\"og:url\" content=\"https:\/\/luises.com\/index.php\/cocinas-y-comedores\/presupuesto-informativo-de-muebles-de-cocina\/\" \/>\n<meta property=\"og:site_name\" content=\"Luises Interiorismo\" \/>\n<meta property=\"article:modified_time\" content=\"2020-04-26T12:20:02+00:00\" \/>\n<meta property=\"og:image\" content=\"https:\/\/i2.wp.com\/luises.com\/wp-content\/uploads\/2020\/04\/General.jpg?fit=1121%2C771&ssl=1\" \/>\n\t<meta property=\"og:image:width\" content=\"1121\" \/>\n\t<meta property=\"og:image:height\" content=\"771\" \/>\n\t<meta property=\"og:image:type\" content=\"image\/jpeg\" \/>\n<meta name=\"twitter:card\" content=\"summary_large_image\" \/>\n<script type=\"application\/ld+json\" class=\"yoast-schema-graph\">{\"@context\":\"https:\\\/\\\/schema.org\",\"@graph\":[{\"@type\":\"WebPage\",\"@id\":\"https:\\\/\\\/luises.com\\\/index.php\\\/cocinas-y-comedores\\\/presupuesto-informativo-de-muebles-de-cocina\\\/\",\"url\":\"https:\\\/\\\/luises.com\\\/index.php\\\/cocinas-y-comedores\\\/presupuesto-informativo-de-muebles-de-cocina\\\/\",\"name\":\"Presupuesto INFORMATIVO de muebles de cocina - Luises Interiorismo\",\"isPartOf\":{\"@id\":\"https:\\\/\\\/luises.com\\\/#website\"},\"primaryImageOfPage\":{\"@id\":\"https:\\\/\\\/luises.com\\\/index.php\\\/cocinas-y-comedores\\\/presupuesto-informativo-de-muebles-de-cocina\\\/#primaryimage\"},\"image\":{\"@id\":\"https:\\\/\\\/luises.com\\\/index.php\\\/cocinas-y-comedores\\\/presupuesto-informativo-de-muebles-de-cocina\\\/#primaryimage\"},\"thumbnailUrl\":\"https:\\\/\\\/i0.wp.com\\\/luises.com\\\/wp-content\\\/uploads\\\/2020\\\/04\\\/General.jpg?fit=1121%2C771&ssl=1\",\"datePublished\":\"2020-04-26T12:20:01+00:00\",\"dateModified\":\"2020-04-26T12:20:02+00:00\",\"breadcrumb\":{\"@id\":\"https:\\\/\\\/luises.com\\\/index.php\\\/cocinas-y-comedores\\\/presupuesto-informativo-de-muebles-de-cocina\\\/#breadcrumb\"},\"inLanguage\":\"es\",\"potentialAction\":[{\"@type\":\"ReadAction\",\"target\":[\"https:\\\/\\\/luises.com\\\/index.php\\\/cocinas-y-comedores\\\/presupuesto-informativo-de-muebles-de-cocina\\\/\"]}]},{\"@type\":\"ImageObject\",\"inLanguage\":\"es\",\"@id\":\"https:\\\/\\\/luises.com\\\/index.php\\\/cocinas-y-comedores\\\/presupuesto-informativo-de-muebles-de-cocina\\\/#primaryimage\",\"url\":\"https:\\\/\\\/i0.wp.com\\\/luises.com\\\/wp-content\\\/uploads\\\/2020\\\/04\\\/General.jpg?fit=1121%2C771&ssl=1\",\"contentUrl\":\"https:\\\/\\\/i0.wp.com\\\/luises.com\\\/wp-content\\\/uploads\\\/2020\\\/04\\\/General.jpg?fit=1121%2C771&ssl=1\",\"width\":1121,\"height\":771},{\"@type\":\"BreadcrumbList\",\"@id\":\"https:\\\/\\\/luises.com\\\/index.php\\\/cocinas-y-comedores\\\/presupuesto-informativo-de-muebles-de-cocina\\\/#breadcrumb\",\"itemListElement\":[{\"@type\":\"ListItem\",\"position\":1,\"name\":\"Home\",\"item\":\"https:\\\/\\\/luises.com\\\/\"},{\"@type\":\"ListItem\",\"position\":2,\"name\":\"Cocinas y comedores\",\"item\":\"https:\\\/\\\/luises.com\\\/index.php\\\/cocinas-y-comedores\\\/\"},{\"@type\":\"ListItem\",\"position\":3,\"name\":\"Presupuesto INFORMATIVO de muebles de cocina\"}]},{\"@type\":\"WebSite\",\"@id\":\"https:\\\/\\\/luises.com\\\/#website\",\"url\":\"https:\\\/\\\/luises.com\\\/\",\"name\":\"Luises Interiorismo\",\"description\":\"Estudio de interiorismo en Oviedo\",\"potentialAction\":[{\"@type\":\"SearchAction\",\"target\":{\"@type\":\"EntryPoint\",\"urlTemplate\":\"https:\\\/\\\/luises.com\\\/?s={search_term_string}\"},\"query-input\":{\"@type\":\"PropertyValueSpecification\",\"valueRequired\":true,\"valueName\":\"search_term_string\"}}],\"inLanguage\":\"es\"}]}<\/script>\n<!-- \/ Yoast SEO plugin. -->","yoast_head_json":{"title":"Presupuesto INFORMATIVO de muebles de cocina - Luises Interiorismo","robots":{"index":"index","follow":"follow","max-snippet":"max-snippet:-1","max-image-preview":"max-image-preview:large","max-video-preview":"max-video-preview:-1"},"canonical":"https:\/\/luises.com\/index.php\/cocinas-y-comedores\/presupuesto-informativo-de-muebles-de-cocina\/","og_locale":"es_ES","og_type":"article","og_title":"Presupuesto INFORMATIVO de muebles de cocina - Luises Interiorismo","og_description":"Si desea una valoraci\u00f3n de su nueva de cocina pruebe nuestro servicio de valoraci\u00f3n por correo electr\u00f3nico. En \u00e9l se le solicitar\u00e1n los datos necesarios para realizar un presupuesto aproximado de los muebles, encimera y electrodom\u00e9sticos que desee renovar. ENLACE PARA EMPEZAR LA ENCUESTA","og_url":"https:\/\/luises.com\/index.php\/cocinas-y-comedores\/presupuesto-informativo-de-muebles-de-cocina\/","og_site_name":"Luises Interiorismo","article_modified_time":"2020-04-26T12:20:02+00:00","og_image":[{"width":1121,"height":771,"url":"https:\/\/i2.wp.com\/luises.com\/wp-content\/uploads\/2020\/04\/General.jpg?fit=1121%2C771&ssl=1","type":"image\/jpeg"}],"twitter_card":"summary_large_image","schema":{"@context":"https:\/\/schema.org","@graph":[{"@type":"WebPage","@id":"https:\/\/luises.com\/index.php\/cocinas-y-comedores\/presupuesto-informativo-de-muebles-de-cocina\/","url":"https:\/\/luises.com\/index.php\/cocinas-y-comedores\/presupuesto-informativo-de-muebles-de-cocina\/","name":"Presupuesto INFORMATIVO de muebles de cocina - Luises Interiorismo","isPartOf":{"@id":"https:\/\/luises.com\/#website"},"primaryImageOfPage":{"@id":"https:\/\/luises.com\/index.php\/cocinas-y-comedores\/presupuesto-informativo-de-muebles-de-cocina\/#primaryimage"},"image":{"@id":"https:\/\/luises.com\/index.php\/cocinas-y-comedores\/presupuesto-informativo-de-muebles-de-cocina\/#primaryimage"},"thumbnailUrl":"https:\/\/i0.wp.com\/luises.com\/wp-content\/uploads\/2020\/04\/General.jpg?fit=1121%2C771&ssl=1","datePublished":"2020-04-26T12:20:01+00:00","dateModified":"2020-04-26T12:20:02+00:00","breadcrumb":{"@id":"https:\/\/luises.com\/index.php\/cocinas-y-comedores\/presupuesto-informativo-de-muebles-de-cocina\/#breadcrumb"},"inLanguage":"es","potentialAction":[{"@type":"ReadAction","target":["https:\/\/luises.com\/index.php\/cocinas-y-comedores\/presupuesto-informativo-de-muebles-de-cocina\/"]}]},{"@type":"ImageObject","inLanguage":"es","@id":"https:\/\/luises.com\/index.php\/cocinas-y-comedores\/presupuesto-informativo-de-muebles-de-cocina\/#primaryimage","url":"https:\/\/i0.wp.com\/luises.com\/wp-content\/uploads\/2020\/04\/General.jpg?fit=1121%2C771&ssl=1","contentUrl":"https:\/\/i0.wp.com\/luises.com\/wp-content\/uploads\/2020\/04\/General.jpg?fit=1121%2C771&ssl=1","width":1121,"height":771},{"@type":"BreadcrumbList","@id":"https:\/\/luises.com\/index.php\/cocinas-y-comedores\/presupuesto-informativo-de-muebles-de-cocina\/#breadcrumb","itemListElement":[{"@type":"ListItem","position":1,"name":"Home","item":"https:\/\/luises.com\/"},{"@type":"ListItem","position":2,"name":"Cocinas y comedores","item":"https:\/\/luises.com\/index.php\/cocinas-y-comedores\/"},{"@type":"ListItem","position":3,"name":"Presupuesto INFORMATIVO de muebles de cocina"}]},{"@type":"WebSite","@id":"https:\/\/luises.com\/#website","url":"https:\/\/luises.com\/","name":"Luises Interiorismo","description":"Estudio de interiorismo en Oviedo","potentialAction":[{"@type":"SearchAction","target":{"@type":"EntryPoint","urlTemplate":"https:\/\/luises.com\/?s={search_term_string}"},"query-input":{"@type":"PropertyValueSpecification","valueRequired":true,"valueName":"search_term_string"}}],"inLanguage":"es"}]}},"jetpack_sharing_enabled":true,"_links":{"self":[{"href":"https:\/\/luises.com\/index.php\/wp-json\/wp\/v2\/pages\/198","targetHints":{"allow":["GET"]}}],"collection":[{"href":"https:\/\/luises.com\/index.php\/wp-json\/wp\/v2\/pages"}],"about":[{"href":"https:\/\/luises.com\/index.php\/wp-json\/wp\/v2\/types\/page"}],"author":[{"embeddable":true,"href":"https:\/\/luises.com\/index.php\/wp-json\/wp\/v2\/users\/1"}],"replies":[{"embeddable":true,"href":"https:\/\/luises.com\/index.php\/wp-json\/wp\/v2\/comments?post=198"}],"version-history":[{"count":2,"href":"https:\/\/luises.com\/index.php\/wp-json\/wp\/v2\/pages\/198\/revisions"}],"predecessor-version":[{"id":202,"href":"https:\/\/luises.com\/index.php\/wp-json\/wp\/v2\/pages\/198\/revisions\/202"}],"up":[{"embeddable":true,"href":"https:\/\/luises.com\/index.php\/wp-json\/wp\/v2\/pages\/91"}],"wp:featuredmedia":[{"embeddable":true,"href":"https:\/\/luises.com\/index.php\/wp-json\/wp\/v2\/media\/200"}],"wp:attachment":[{"href":"https:\/\/luises.com\/index.php\/wp-json\/wp\/v2\/media?parent=198"}],"curies":[{"name":"wp","href":"https:\/\/api.w.org\/{rel}","templated":true}]}}