{"id":163,"date":"2020-04-24T18:35:32","date_gmt":"2020-04-24T18:35:32","guid":{"rendered":"https:\/\/luises.com\/?page_id=163"},"modified":"2020-04-24T19:02:00","modified_gmt":"2020-04-24T19:02:00","slug":"dosificadores-de-desinfectante","status":"publish","type":"page","link":"https:\/\/luises.com\/index.php\/especial-covid\/dosificadores-de-desinfectante\/","title":{"rendered":"Dosificadores de desinfectante"},"content":{"rendered":"\n<h2 class=\"wp-block-heading\">Dispensadores de alta calidad<\/h2>\n\n\n\n<p>Dispensador de desinfectante controlado por sensor, modelo de suelo y de pared. Pueden estar conectados a la red el\u00e9ctrica o con pilas convencionales.<\/p>\n\n\n\n<div class=\"wp-block-image\"><figure class=\"aligncenter size-medium\"><img data-recalc-dims=\"1\" loading=\"lazy\" decoding=\"async\" width=\"300\" height=\"259\" src=\"https:\/\/i0.wp.com\/luises.com\/wp-content\/uploads\/2020\/04\/dosificador8-GR.jpg?resize=300%2C259&#038;ssl=1\" alt=\"dosificador pared automatico cromo\" class=\"wp-image-65\" srcset=\"https:\/\/i0.wp.com\/luises.com\/wp-content\/uploads\/2020\/04\/dosificador8-GR.jpg?resize=300%2C259&amp;ssl=1 300w, https:\/\/i0.wp.com\/luises.com\/wp-content\/uploads\/2020\/04\/dosificador8-GR.jpg?resize=1024%2C883&amp;ssl=1 1024w, https:\/\/i0.wp.com\/luises.com\/wp-content\/uploads\/2020\/04\/dosificador8-GR.jpg?resize=768%2C662&amp;ssl=1 768w, https:\/\/i0.wp.com\/luises.com\/wp-content\/uploads\/2020\/04\/dosificador8-GR.jpg?w=1160&amp;ssl=1 1160w\" sizes=\"auto, (max-width: 300px) 100vw, 300px\" \/><\/figure><\/div>\n\n\n\n<p>Acabados en aluminio, cromado o negro. Testados para funcionar en ambientes de alta demanda y fabricados en las mejores calidades.<\/p>\n\n\n\n<figure class=\"wp-block-gallery columns-2 is-cropped wp-block-gallery-1 is-layout-flex wp-block-gallery-is-layout-flex\"><ul class=\"blocks-gallery-grid\"><li class=\"blocks-gallery-item\"><figure><img data-recalc-dims=\"1\" loading=\"lazy\" decoding=\"async\" width=\"525\" height=\"453\" src=\"https:\/\/i0.wp.com\/luises.com\/wp-content\/uploads\/2020\/04\/dosificador2-GR.jpg?resize=525%2C453&#038;ssl=1\" alt=\"dosificador pared automatico cromo\" data-id=\"64\" data-full-url=\"https:\/\/luises.com\/wp-content\/uploads\/2020\/04\/dosificador2-GR.jpg\" data-link=\"https:\/\/luises.com\/index.php\/especial-covid\/dosificador2-gr\/\" class=\"wp-image-64\" srcset=\"https:\/\/i0.wp.com\/luises.com\/wp-content\/uploads\/2020\/04\/dosificador2-GR.jpg?resize=1024%2C883&amp;ssl=1 1024w, https:\/\/i0.wp.com\/luises.com\/wp-content\/uploads\/2020\/04\/dosificador2-GR.jpg?resize=300%2C259&amp;ssl=1 300w, https:\/\/i0.wp.com\/luises.com\/wp-content\/uploads\/2020\/04\/dosificador2-GR.jpg?resize=768%2C662&amp;ssl=1 768w, https:\/\/i0.wp.com\/luises.com\/wp-content\/uploads\/2020\/04\/dosificador2-GR.jpg?w=1160&amp;ssl=1 1160w\" sizes=\"auto, (max-width: 767px) 89vw, (max-width: 1000px) 54vw, (max-width: 1071px) 543px, 580px\" \/><\/figure><\/li><li class=\"blocks-gallery-item\"><figure><img data-recalc-dims=\"1\" loading=\"lazy\" decoding=\"async\" width=\"525\" height=\"453\" src=\"https:\/\/i0.wp.com\/luises.com\/wp-content\/uploads\/2020\/04\/dosificador8-GR.jpg?resize=525%2C453&#038;ssl=1\" alt=\"dosificador pared automatico cromo\" data-id=\"65\" data-full-url=\"https:\/\/luises.com\/wp-content\/uploads\/2020\/04\/dosificador8-GR.jpg\" data-link=\"https:\/\/luises.com\/index.php\/especial-covid\/dosificador8-gr\/\" class=\"wp-image-65\" srcset=\"https:\/\/i0.wp.com\/luises.com\/wp-content\/uploads\/2020\/04\/dosificador8-GR.jpg?resize=1024%2C883&amp;ssl=1 1024w, https:\/\/i0.wp.com\/luises.com\/wp-content\/uploads\/2020\/04\/dosificador8-GR.jpg?resize=300%2C259&amp;ssl=1 300w, https:\/\/i0.wp.com\/luises.com\/wp-content\/uploads\/2020\/04\/dosificador8-GR.jpg?resize=768%2C662&amp;ssl=1 768w, https:\/\/i0.wp.com\/luises.com\/wp-content\/uploads\/2020\/04\/dosificador8-GR.jpg?w=1160&amp;ssl=1 1160w\" sizes=\"auto, (max-width: 767px) 89vw, (max-width: 1000px) 54vw, (max-width: 1071px) 543px, 580px\" \/><\/figure><\/li><li class=\"blocks-gallery-item\"><figure><img data-recalc-dims=\"1\" loading=\"lazy\" decoding=\"async\" width=\"525\" height=\"516\" src=\"https:\/\/i0.wp.com\/luises.com\/wp-content\/uploads\/2020\/04\/dosificador-pie2.jpg?resize=525%2C516&#038;ssl=1\" alt=\"dosificador de pie automatico negro\" data-id=\"66\" data-full-url=\"https:\/\/luises.com\/wp-content\/uploads\/2020\/04\/dosificador-pie2.jpg\" data-link=\"https:\/\/luises.com\/index.php\/especial-covid\/dosificador-pie2\/\" class=\"wp-image-66\" srcset=\"https:\/\/i0.wp.com\/luises.com\/wp-content\/uploads\/2020\/04\/dosificador-pie2.jpg?resize=1024%2C1006&amp;ssl=1 1024w, https:\/\/i0.wp.com\/luises.com\/wp-content\/uploads\/2020\/04\/dosificador-pie2.jpg?resize=300%2C295&amp;ssl=1 300w, https:\/\/i0.wp.com\/luises.com\/wp-content\/uploads\/2020\/04\/dosificador-pie2.jpg?resize=768%2C754&amp;ssl=1 768w, https:\/\/i0.wp.com\/luises.com\/wp-content\/uploads\/2020\/04\/dosificador-pie2.jpg?w=1080&amp;ssl=1 1080w\" sizes=\"auto, (max-width: 767px) 89vw, (max-width: 1000px) 54vw, (max-width: 1071px) 543px, 580px\" \/><\/figure><\/li><li class=\"blocks-gallery-item\"><figure><img data-recalc-dims=\"1\" loading=\"lazy\" decoding=\"async\" width=\"525\" height=\"453\" src=\"https:\/\/i0.wp.com\/luises.com\/wp-content\/uploads\/2020\/04\/dosificador-pie3.jpg?resize=525%2C453&#038;ssl=1\" alt=\"dosificador de pie autom\u00e1tico aluminio\" data-id=\"63\" data-full-url=\"https:\/\/luises.com\/wp-content\/uploads\/2020\/04\/dosificador-pie3.jpg\" data-link=\"https:\/\/luises.com\/index.php\/especial-covid\/dosificador-pie3\/\" class=\"wp-image-63\" srcset=\"https:\/\/i0.wp.com\/luises.com\/wp-content\/uploads\/2020\/04\/dosificador-pie3.jpg?resize=1024%2C883&amp;ssl=1 1024w, https:\/\/i0.wp.com\/luises.com\/wp-content\/uploads\/2020\/04\/dosificador-pie3.jpg?resize=300%2C259&amp;ssl=1 300w, https:\/\/i0.wp.com\/luises.com\/wp-content\/uploads\/2020\/04\/dosificador-pie3.jpg?resize=768%2C662&amp;ssl=1 768w, https:\/\/i0.wp.com\/luises.com\/wp-content\/uploads\/2020\/04\/dosificador-pie3.jpg?w=1160&amp;ssl=1 1160w\" sizes=\"auto, (max-width: 767px) 89vw, (max-width: 1000px) 54vw, (max-width: 1071px) 543px, 580px\" \/><\/figure><\/li><\/ul><\/figure>\n\n\n\n<h2 class=\"wp-block-heading\">Incre\u00edblemente duradero, sin desperdicio de producto<\/h2>\n\n\n\n<p class=\"has-normal-font-size\">Las cargas de espuma desinfectante contienen alrededor de 666 bombeos de producto. Adem\u00e1s, la bolsa de vac\u00edo patentada garantiza que todo el contenido se use sin desperdiciar cantidades sobrantes.<\/p>\n\n\n\n<div class=\"wp-block-image\"><figure class=\"aligncenter size-thumbnail is-resized\"><img data-recalc-dims=\"1\" loading=\"lazy\" decoding=\"async\" src=\"https:\/\/i0.wp.com\/luises.com\/wp-content\/uploads\/2020\/04\/KEB_W_04993000402.jpg?resize=109%2C109&#038;ssl=1\" alt=\"\" class=\"wp-image-166\" width=\"109\" height=\"109\" srcset=\"https:\/\/i0.wp.com\/luises.com\/wp-content\/uploads\/2020\/04\/KEB_W_04993000402.jpg?resize=150%2C150&amp;ssl=1 150w, https:\/\/i0.wp.com\/luises.com\/wp-content\/uploads\/2020\/04\/KEB_W_04993000402.jpg?resize=300%2C300&amp;ssl=1 300w, https:\/\/i0.wp.com\/luises.com\/wp-content\/uploads\/2020\/04\/KEB_W_04993000402.jpg?resize=100%2C100&amp;ssl=1 100w, https:\/\/i0.wp.com\/luises.com\/wp-content\/uploads\/2020\/04\/KEB_W_04993000402.jpg?w=324&amp;ssl=1 324w\" sizes=\"auto, (max-width: 109px) 100vw, 109px\" \/><\/figure><\/div>\n\n\n\n<h2 class=\"wp-block-heading\">Suave con las manos. Eficaz con las bacterias.<\/h2>\n\n\n\n<p>Como dispensador para <strong>espuma desinfectante<\/strong>, se puede usar en cualquier lugar donde la higiene sea realmente importante. <br>La espuma desinfectante es particularmente suave con las manos y efectiva contra las bacterias. Simplemente fr\u00f3telo, sin goteos y es ideal para todas las \u00e1reas muy frecuentadas.<\/p>\n\n\n\n<h2 class=\"wp-block-heading\">Pr\u00e1cticamente no hay desperdicio. Tan ligero, tan sencillo.<\/h2>\n\n\n\n<p>Todo lo que debe desecharse es el embalaje extremadamente compacto, ligero y que ahorra espacio.<\/p>\n\n\n\n<figure class=\"wp-block-image size-large\"><img data-recalc-dims=\"1\" loading=\"lazy\" decoding=\"async\" width=\"525\" height=\"324\" src=\"https:\/\/i0.wp.com\/luises.com\/wp-content\/uploads\/2020\/04\/Varios-jabones.jpg?resize=525%2C324&#038;ssl=1\" alt=\"\" class=\"wp-image-167\" srcset=\"https:\/\/i0.wp.com\/luises.com\/wp-content\/uploads\/2020\/04\/Varios-jabones.jpg?resize=1024%2C631&amp;ssl=1 1024w, https:\/\/i0.wp.com\/luises.com\/wp-content\/uploads\/2020\/04\/Varios-jabones.jpg?resize=300%2C185&amp;ssl=1 300w, https:\/\/i0.wp.com\/luises.com\/wp-content\/uploads\/2020\/04\/Varios-jabones.jpg?resize=768%2C473&amp;ssl=1 768w, https:\/\/i0.wp.com\/luises.com\/wp-content\/uploads\/2020\/04\/Varios-jabones.jpg?w=1152&amp;ssl=1 1152w\" sizes=\"auto, (max-width: 767px) 89vw, (max-width: 1000px) 54vw, (max-width: 1071px) 543px, 580px\" \/><\/figure>\n\n\n\n<p><a href=\"correo@luises.com\">Solic\u00edtanos m\u00e1s informaci\u00f3n<\/a><\/p>\n","protected":false},"excerpt":{"rendered":"<p>Dispensadores de alta calidad Dispensador de desinfectante controlado por sensor, modelo de suelo y de pared. Pueden estar conectados a la red el\u00e9ctrica o con pilas convencionales. Acabados en aluminio, cromado o negro. Testados para funcionar en ambientes de alta demanda y fabricados en las mejores calidades. Incre\u00edblemente duradero, sin desperdicio de producto Las cargas &hellip; <\/p>\n<p class=\"link-more\"><a href=\"https:\/\/luises.com\/index.php\/especial-covid\/dosificadores-de-desinfectante\/\" class=\"more-link\">Continuar leyendo<span class=\"screen-reader-text\"> \u00abDosificadores de desinfectante\u00bb<\/span><\/a><\/p>\n","protected":false},"author":1,"featured_media":0,"parent":2,"menu_order":0,"comment_status":"closed","ping_status":"closed","template":"","meta":{"footnotes":""},"class_list":["post-163","page","type-page","status-publish","hentry"],"yoast_head":"<!-- This site is optimized with the Yoast SEO plugin v27.3 - https:\/\/yoast.com\/product\/yoast-seo-wordpress\/ -->\n<title>Dosificadores de desinfectante - Luises Interiorismo<\/title>\n<meta name=\"robots\" content=\"index, follow, max-snippet:-1, max-image-preview:large, max-video-preview:-1\" \/>\n<link rel=\"canonical\" href=\"https:\/\/luises.com\/index.php\/especial-covid\/dosificadores-de-desinfectante\/\" \/>\n<meta property=\"og:locale\" content=\"es_ES\" \/>\n<meta property=\"og:type\" content=\"article\" \/>\n<meta property=\"og:title\" content=\"Dosificadores de desinfectante - Luises Interiorismo\" \/>\n<meta property=\"og:description\" content=\"Dispensadores de alta calidad Dispensador de desinfectante controlado por sensor, modelo de suelo y de pared. Pueden estar conectados a la red el\u00e9ctrica o con pilas convencionales. Acabados en aluminio, cromado o negro. Testados para funcionar en ambientes de alta demanda y fabricados en las mejores calidades. Incre\u00edblemente duradero, sin desperdicio de producto Las cargas &hellip; Continuar leyendo &quot;Dosificadores de desinfectante&quot;\" \/>\n<meta property=\"og:url\" content=\"https:\/\/luises.com\/index.php\/especial-covid\/dosificadores-de-desinfectante\/\" \/>\n<meta property=\"og:site_name\" content=\"Luises Interiorismo\" \/>\n<meta property=\"article:modified_time\" content=\"2020-04-24T19:02:00+00:00\" \/>\n<meta property=\"og:image\" content=\"https:\/\/luises.com\/wp-content\/uploads\/2020\/04\/dosificador8-GR-300x259.jpg\" \/>\n<meta name=\"twitter:card\" content=\"summary_large_image\" \/>\n<meta name=\"twitter:label1\" content=\"Tiempo de lectura\" \/>\n\t<meta name=\"twitter:data1\" content=\"1 minuto\" \/>\n<script type=\"application\/ld+json\" class=\"yoast-schema-graph\">{\"@context\":\"https:\\\/\\\/schema.org\",\"@graph\":[{\"@type\":\"WebPage\",\"@id\":\"https:\\\/\\\/luises.com\\\/index.php\\\/especial-covid\\\/dosificadores-de-desinfectante\\\/\",\"url\":\"https:\\\/\\\/luises.com\\\/index.php\\\/especial-covid\\\/dosificadores-de-desinfectante\\\/\",\"name\":\"Dosificadores de desinfectante - Luises Interiorismo\",\"isPartOf\":{\"@id\":\"https:\\\/\\\/luises.com\\\/#website\"},\"primaryImageOfPage\":{\"@id\":\"https:\\\/\\\/luises.com\\\/index.php\\\/especial-covid\\\/dosificadores-de-desinfectante\\\/#primaryimage\"},\"image\":{\"@id\":\"https:\\\/\\\/luises.com\\\/index.php\\\/especial-covid\\\/dosificadores-de-desinfectante\\\/#primaryimage\"},\"thumbnailUrl\":\"https:\\\/\\\/luises.com\\\/wp-content\\\/uploads\\\/2020\\\/04\\\/dosificador8-GR-300x259.jpg\",\"datePublished\":\"2020-04-24T18:35:32+00:00\",\"dateModified\":\"2020-04-24T19:02:00+00:00\",\"breadcrumb\":{\"@id\":\"https:\\\/\\\/luises.com\\\/index.php\\\/especial-covid\\\/dosificadores-de-desinfectante\\\/#breadcrumb\"},\"inLanguage\":\"es\",\"potentialAction\":[{\"@type\":\"ReadAction\",\"target\":[\"https:\\\/\\\/luises.com\\\/index.php\\\/especial-covid\\\/dosificadores-de-desinfectante\\\/\"]}]},{\"@type\":\"ImageObject\",\"inLanguage\":\"es\",\"@id\":\"https:\\\/\\\/luises.com\\\/index.php\\\/especial-covid\\\/dosificadores-de-desinfectante\\\/#primaryimage\",\"url\":\"https:\\\/\\\/i0.wp.com\\\/luises.com\\\/wp-content\\\/uploads\\\/2020\\\/04\\\/dosificador8-GR.jpg?fit=1160%2C1000&ssl=1\",\"contentUrl\":\"https:\\\/\\\/i0.wp.com\\\/luises.com\\\/wp-content\\\/uploads\\\/2020\\\/04\\\/dosificador8-GR.jpg?fit=1160%2C1000&ssl=1\",\"width\":1160,\"height\":1000,\"caption\":\"dosificador pared automatico cromo\"},{\"@type\":\"BreadcrumbList\",\"@id\":\"https:\\\/\\\/luises.com\\\/index.php\\\/especial-covid\\\/dosificadores-de-desinfectante\\\/#breadcrumb\",\"itemListElement\":[{\"@type\":\"ListItem\",\"position\":1,\"name\":\"Home\",\"item\":\"https:\\\/\\\/luises.com\\\/\"},{\"@type\":\"ListItem\",\"position\":2,\"name\":\"Especial COVID\",\"item\":\"https:\\\/\\\/luises.com\\\/index.php\\\/especial-covid\\\/\"},{\"@type\":\"ListItem\",\"position\":3,\"name\":\"Dosificadores de desinfectante\"}]},{\"@type\":\"WebSite\",\"@id\":\"https:\\\/\\\/luises.com\\\/#website\",\"url\":\"https:\\\/\\\/luises.com\\\/\",\"name\":\"Luises Interiorismo\",\"description\":\"Estudio de interiorismo en Oviedo\",\"potentialAction\":[{\"@type\":\"SearchAction\",\"target\":{\"@type\":\"EntryPoint\",\"urlTemplate\":\"https:\\\/\\\/luises.com\\\/?s={search_term_string}\"},\"query-input\":{\"@type\":\"PropertyValueSpecification\",\"valueRequired\":true,\"valueName\":\"search_term_string\"}}],\"inLanguage\":\"es\"}]}<\/script>\n<!-- \/ Yoast SEO plugin. -->","yoast_head_json":{"title":"Dosificadores de desinfectante - Luises Interiorismo","robots":{"index":"index","follow":"follow","max-snippet":"max-snippet:-1","max-image-preview":"max-image-preview:large","max-video-preview":"max-video-preview:-1"},"canonical":"https:\/\/luises.com\/index.php\/especial-covid\/dosificadores-de-desinfectante\/","og_locale":"es_ES","og_type":"article","og_title":"Dosificadores de desinfectante - Luises Interiorismo","og_description":"Dispensadores de alta calidad Dispensador de desinfectante controlado por sensor, modelo de suelo y de pared. Pueden estar conectados a la red el\u00e9ctrica o con pilas convencionales. Acabados en aluminio, cromado o negro. Testados para funcionar en ambientes de alta demanda y fabricados en las mejores calidades. Incre\u00edblemente duradero, sin desperdicio de producto Las cargas &hellip; Continuar leyendo \"Dosificadores de desinfectante\"","og_url":"https:\/\/luises.com\/index.php\/especial-covid\/dosificadores-de-desinfectante\/","og_site_name":"Luises Interiorismo","article_modified_time":"2020-04-24T19:02:00+00:00","og_image":[{"url":"https:\/\/luises.com\/wp-content\/uploads\/2020\/04\/dosificador8-GR-300x259.jpg","type":"","width":"","height":""}],"twitter_card":"summary_large_image","twitter_misc":{"Tiempo de lectura":"1 minuto"},"schema":{"@context":"https:\/\/schema.org","@graph":[{"@type":"WebPage","@id":"https:\/\/luises.com\/index.php\/especial-covid\/dosificadores-de-desinfectante\/","url":"https:\/\/luises.com\/index.php\/especial-covid\/dosificadores-de-desinfectante\/","name":"Dosificadores de desinfectante - Luises Interiorismo","isPartOf":{"@id":"https:\/\/luises.com\/#website"},"primaryImageOfPage":{"@id":"https:\/\/luises.com\/index.php\/especial-covid\/dosificadores-de-desinfectante\/#primaryimage"},"image":{"@id":"https:\/\/luises.com\/index.php\/especial-covid\/dosificadores-de-desinfectante\/#primaryimage"},"thumbnailUrl":"https:\/\/luises.com\/wp-content\/uploads\/2020\/04\/dosificador8-GR-300x259.jpg","datePublished":"2020-04-24T18:35:32+00:00","dateModified":"2020-04-24T19:02:00+00:00","breadcrumb":{"@id":"https:\/\/luises.com\/index.php\/especial-covid\/dosificadores-de-desinfectante\/#breadcrumb"},"inLanguage":"es","potentialAction":[{"@type":"ReadAction","target":["https:\/\/luises.com\/index.php\/especial-covid\/dosificadores-de-desinfectante\/"]}]},{"@type":"ImageObject","inLanguage":"es","@id":"https:\/\/luises.com\/index.php\/especial-covid\/dosificadores-de-desinfectante\/#primaryimage","url":"https:\/\/i0.wp.com\/luises.com\/wp-content\/uploads\/2020\/04\/dosificador8-GR.jpg?fit=1160%2C1000&ssl=1","contentUrl":"https:\/\/i0.wp.com\/luises.com\/wp-content\/uploads\/2020\/04\/dosificador8-GR.jpg?fit=1160%2C1000&ssl=1","width":1160,"height":1000,"caption":"dosificador pared automatico cromo"},{"@type":"BreadcrumbList","@id":"https:\/\/luises.com\/index.php\/especial-covid\/dosificadores-de-desinfectante\/#breadcrumb","itemListElement":[{"@type":"ListItem","position":1,"name":"Home","item":"https:\/\/luises.com\/"},{"@type":"ListItem","position":2,"name":"Especial COVID","item":"https:\/\/luises.com\/index.php\/especial-covid\/"},{"@type":"ListItem","position":3,"name":"Dosificadores de desinfectante"}]},{"@type":"WebSite","@id":"https:\/\/luises.com\/#website","url":"https:\/\/luises.com\/","name":"Luises Interiorismo","description":"Estudio de interiorismo en Oviedo","potentialAction":[{"@type":"SearchAction","target":{"@type":"EntryPoint","urlTemplate":"https:\/\/luises.com\/?s={search_term_string}"},"query-input":{"@type":"PropertyValueSpecification","valueRequired":true,"valueName":"search_term_string"}}],"inLanguage":"es"}]}},"jetpack_sharing_enabled":true,"_links":{"self":[{"href":"https:\/\/luises.com\/index.php\/wp-json\/wp\/v2\/pages\/163","targetHints":{"allow":["GET"]}}],"collection":[{"href":"https:\/\/luises.com\/index.php\/wp-json\/wp\/v2\/pages"}],"about":[{"href":"https:\/\/luises.com\/index.php\/wp-json\/wp\/v2\/types\/page"}],"author":[{"embeddable":true,"href":"https:\/\/luises.com\/index.php\/wp-json\/wp\/v2\/users\/1"}],"replies":[{"embeddable":true,"href":"https:\/\/luises.com\/index.php\/wp-json\/wp\/v2\/comments?post=163"}],"version-history":[{"count":3,"href":"https:\/\/luises.com\/index.php\/wp-json\/wp\/v2\/pages\/163\/revisions"}],"predecessor-version":[{"id":169,"href":"https:\/\/luises.com\/index.php\/wp-json\/wp\/v2\/pages\/163\/revisions\/169"}],"up":[{"embeddable":true,"href":"https:\/\/luises.com\/index.php\/wp-json\/wp\/v2\/pages\/2"}],"wp:attachment":[{"href":"https:\/\/luises.com\/index.php\/wp-json\/wp\/v2\/media?parent=163"}],"curies":[{"name":"wp","href":"https:\/\/api.w.org\/{rel}","templated":true}]}}